 + 1 + 42)?
-75
Evaluate 2 + 1 - (10 + -65 - (1 + -6)).
53
Calculate -40 + 62 + -33 + -6 + 105.
88
What is -60 + -41 + 41 + (7 - (6 - -15))?
-74
Evaluate 25 - 7 - (34 - 14 - (1 - -4)).
3
Calculate -6 + 4 + -3 + 4 - (201 + -211) - 104.
-95
Evaluate -2 + -42 + 1904 + -1761.
99
Calculate -26 + -1 + 2 + 45 + -24.
-4
Evaluate -3 + -6 - ((25 - 7 - 14 - -14) + 4).
-31
Calculate 109 + (-23 - -2) + -27 + 18.
79
Evaluate 61 + -8 + 399 + -359.
93
What is the value of (-1204 - -1212) + (-2 - 127)?
-121
Calculate 5 + -89 + (21 - -8).
-55
What is 97 - 85 - (-7 - -27)?
-8
Evaluate -8 + 17 - (-6 + -34) - (3 + -7 - 6).
59
Calculate 3 + 2 - (250 - 253).
8
What is the value of 108 - 182 - (-20 - -1)?
-55
What is 11 + -1 - (45 + -21 + -4 + 6)?
-16
What is the value of -1 + -58 - (69 + -115)?
-13
What is -48 + (92 - 133) - (-15 + (1 - (-3 - -2)))?
-76
-219 - -235 - (-45 + 98)
-37
Evaluate 35 + (-4 - ((7 - 14) + 1 + -3 + 0)).
40
What is (14 - (52 + -35)) + 34?
31
What is -4 - -1 - (973 - 987) - 28?
-17
(-4908 - -4891) + -1 + -62
-80
Calculate (7 - -1 - (0 + 6 - -4)) + -38.
-40
-51 + 1 + 0 + (-585 + 485 - (6 + -93))
-63
Calculate 135 + -272 - (-21 - 15).
-101
Calculate 5 + 10 + -89 + (13 - -1) + 1.
-59
What is 30 + (25 - (5 - -22)) - (2 + -4 + 9)?
21
What is the value of 2 + -4 + (17 + -8 - 20 - -1)?
-12
Evaluate (6 - -2) + 1 - ((-278 - -288) + (23 - 1)).
-23
Calculate 43 - (-8 - -107) - -46.
-10
58 + -73 + 33 + -45 - (1 - -2)
-30
What is the value of (-12 - -51 - 20) + -32 + 2?
-11
(31 - 6) + -38 + 31
18
79 + (12 + 6 - 4) + -8 + -17
68
2 + -14 + 0 + (-50 - -73)
11
Evaluate (-59 - -35) + -29 + 35.
-18
What is -2 + (18 - 0) - (-2400 - -2452)?
-36
Evaluate (-39889 - -39882) + 4 + -1 + -89 + 2 + 2.
-89
Evaluate (67 - (64 - 24)) + -112 - (-2 - (-11 + -1)).
-95
Evaluate (-10 + 0 - (-15 + -31 + 12)) + 13 + -14.
23
Calculate (-2 + -27 + 0 - (-5 - (0 - 3))) + -3.
-30
42 - (-70 - 6) - 66
52
Calculate (-435 - -442) + (-71 - 3).
-67
What is the value of 3 + 14 + 47 - 35 - 106?
-77
What is the value of 11 + (-6 + (-6 - -14) - 42)?
-29
Calculate 69 + -61 + (3 - 5) + 1 + -14.
-7
What is (-9 - (6 + -13)) + -17 + 37?
18
What is the value of -16 - (14 + (-5 - 16) - 49)?
40
What is the value of 95 - 1 - (-33 + -2 + 30 + 2)?
97
Evaluate (-27 - (13 - 46) - (3 - 4)) + -12.
-5
What is 22 - (-20 + 5 + -7)?
44
Evaluate 6 + (8 + 1 - (57 + -48)) + (-20 - -23).
9
-1 - 8 - (6 + (19 - 13) + 3)
-24
12 + (-22 - 21) + 47
16
-2 + (0 - (-6 - -2)) + -1 + -550 + 636
87
What is 9 + -55 + 25 + 23 + 32?
34
Calculate (-354 - -337) + (-1 - 39).
-57
(0 - -28) + 4883 + -4927
-16
What is 62 + -9 - (107 - 69)?
15
Calculate -14 - ((91 - 227) + 0 + -13).
135
What is (-78 - -28) + (-3 - 47)?
-100
What is the value of 15 + 12 - -3 - -2 - (5 - (-4 + 12))?
35
What is (-6 - -42) + -105 + -16 - (-2 + -13)?
-70
Calculate -14 + 17 + 62 + -37 - 82.
-54
Evaluate 0 - (-9 + -14 + 34 + 11).
-22
Calculate (19 - 11) + -1 - (-33 + 77).
-37
What is the value of -16 - (-15 - (59 - 87))?
-29
What is -8 + -44 - ((25 - 13) + -3)?
-61
Calculate -42 + (-82 - -45) + -19 + -8.
-106
What is -150 + 11 + 124 + (-1 + 2 - -2)?
-12
What is the value of (-47 - -10 - 10) + 11 - (8 - (-1 + 13))?
-32
What is the value of (-1 - (3 + 8)) + 1 + -9 + 7?
-13
Evaluate (7 - -7 - 21) + (81 + -5 + 3 - 8).
64
-7 + -10 + (6 - 5) + (7 - 12)
-21
Evaluate (-74552 - -74564) + -42 + 0 + (-1 - 0).
-31
(-6 - -2 - 7) + 1 + (-3 - (11 + -3))
-21
Evaluate (12 - 39 - -54 - 24) + (3 - (3 - 0)).
3
Evaluate 52 - -4 - (26 + 16 - 30).
44
What is the value of 2 - 1 - 1 - (-578 + 249 + 235)?
94
What is 1 + -2 + (-12 - -28) + -16 - -24?
23
What is (-17 - -2) + (64 - (92 + -59))?
16
Calculate 12 + -59 + (64 - -6).
23
Evaluate -39 + (-18 - 16) - -20.
-53
What is (6 + -10 - 0) + -1 + 54 - (42 - 32)?
39
203 + -177 + -4 + -3
19
16 - (1761 - 1714 - (-1 - -13))
-19
Calculate -10 + 4 + (25 - 11) + 12 + (8 - 7).
21
33 - (-46 + 121 + -14)
-28
Evaluate -61 - -4 - (16 - (-19 - -30 - -14)).
-48
Calculate 22 + 0 - (176 - 180 - (2 - 6)).
22
Calculate -3 + (-11 - -19) + (-28 - -35) + 0 + -1.
11
-1 - (-40 - -4) - (-659 + 676)
18
94 - 88 - (2 - 13) - (10 + 0)
7
-1 + (134 - (-1 + 7)) + -4 + (12 - -2)
137
Calculate 25 - (-18 + 22 + (-62 - -32)).
51
Evaluate -60 + 16 + -27 + 15.
-56
What is the value of (-53 - -12) + 0 + 4 + (-3 + 38 - 37)?
-39
What is the value of 27 - ((16 - (-5 + 11)) + 2)?
15
Evaluate (104 - 69) + -19 + 11 + 67.
94
What is the value of (-1 - 9) + (-17 - -1 - (364 + -391) - -56)?
57
Calculate (18 - 4) + (15 + (18 - (12 - -12)) - 118).
-95
Calculate -8 - (-37 - ((18 - 31) + 13)).
29
Calculate 38 + (-4 - -28) + (-236 - -175).
1
What is 21 + -17 + (-7 - -22) + 14 - -4?
37
What is the value of 9 + (-24 - -11) + 3 + 14?
13
What is (-12 - 0) + -6 + -31?
-49
What is (7 - (0 + 2 + 21)) + -18 + 29?
-5
Evaluate (71 - 91) + (130 - 179).
-69
Calculate 88 + (1 + -5 - -18) + -30 + (-17 - -46).
101
Evaluate -66 + 119 + -79 + -30.
-56
Calculate (-41 - 3) + -28 + 19 + 23 + -15.
-45
What is 34 + (-6 - 12 - -23)?
39
What is (6 - -2 - (-43 + 66)) + 83?
68
Calculate (10 - ((-10 - 2) + -2)) + (-31 - -18).
11
What is the value of 6 + -22 + 29 + (7 - 3 - 13)?
4
What is the value of -17 + 1 + (304 - 207)?
81
What is -39 + 84 - -1 - (31 + -3)?
18
What is the value of (15 - -27) + -8 - 11?
23
What is the value of 0 + -148 + 119 + (-41 - 2)?
-72
What is the value of (-108 - (-100 + 13)) + (-1 - -6)?
-16
What is -29 + (15 + -23 + -2 - -151)?
112
What is the value of 15 - ((-21 + 68 - 1) + -16)?
-15
What is -752 - -823 - (1 + 3 + -5 + 9 - -2)?
61
Calculate -14 - (-30 + 15 + 7 + -3) - (-1 + -16).
14
Calculate (37 - 48) + -8 - 18.
-37
What is 34 - (-35 - (16 - (-1 + 25)))?
61
What is the value of (-13 - 0) + (20 - (19 - (39 - 9)))?
18
Calculate (-60 + (-19 - -61) - -30) + (-24 - -1).
-11
What is the value of 22 + -2 + (-27 - (-14 + 9))?
-2
(-49 - -3) + -1 - (-865 + 830 + (23 - 1))
-34
-31 + -11 + -4 + (1 - -2) + -7 + 11
-39
Evaluate -50 + 159 + -62 - 1.
46
What is -3 - -2 - 5 - (8 + 13 + 202 + -176)?
-53
What is the value of (-57 - -123 - -7) + (-1 - (-23 - -1))?
94
Evaluate (0 - -23) + (-3 - (-43 - -35 - (-10 + 3))).
21
Calculate (31 - -78 - 98) + 35 + -1.
45
-31 - (28 - 34) - -26 - (84 + 2 + 2)
-87
What is -3 - (32 - (-8 + 59))?
16
What is the value of 36 + (8 - -1 - (-399 - -398))?
46
What is (112 - -5) + (1558 - 1631)?
44
What is the value of -11 - (-14 + 7 + 2) - (19 + -25 + 5)?
-5
155 + -87 - (3 + 51)
14
What is 5 + (38 - 0) + (100 - (57 + 25))?
61
44 - (40 + -20 - (-5 + 5))
24
(0 - 4) + -73 - (-30 - (-9 + -13 + 5))
-64
What is 5 - (6 - (-7 - -14))?
6
Evaluate 23852 - 23731 - (-1 + 19 + 2).
101
Calculate -104 + 2 - (-466 - -380).
-16
What is the value of 165 - (48 + (-17 - -105))?
29
What is -95 - (90 + -177) - -31?
23
Calculate (-23 - (-4 - 49) - 22) + -1 + -33.
-26
-78 - -2 - ((1 - (-21 - 2)) + -555 + 537)
-82
Calculate 12 + 35 + -7 + 7 + -3 + 7.
51
What is the value of 16 - (32 + (-15 - 2 - -30))?
-29
Calculate (-13 - (0 - (13 - 7) - -3)) + -17 - -9.
-18
What is -34 + (-5 - -57) + 6?
24
13 + 4 + (5 + -27 - 13) + 29
11
What is the value of 23 - 69 - -90 - (46 - 17)?
15
(-9 - 27 - 2) + 6 + (-3 - 23)
-58
Calculate -6 - (-13 + 4 + (2 - (-13 - 3))).
-15
What is 111 + 5 + (-22 - 17) - (5 + (1 - 1))?
72
What is the value of (-2 - -2 - (-10 - 1)) + -9 + -31 + 28?
-1
Evaluate -36 + 29 + 89 + (8 - 34).
56
What is the value of (0 - 1 - -11) + (2515 - 2521)?
4
9 + 1 + (-7 - (0 + -6 + 15)) + 76
70
Evaluate 2 - (13 + 15 + 0 - (3 + (6 - -5))).
-12
What is -40 + -1 + -3369 + 3362?
-48
Calculate -2612 + 2602 + (-36 - 0 - -2).
-44
What is (1 - 2 - -3) + (48 - (-59 + 104))?
5
Evaluate -7 - -67 - (-2 + -11 - -23 - 3).
53
What is the value of 2 + 0 + (5 - 4) + -11 + (17 - 2)?
7
Evaluate -9 + 12 - ((-3 - 8 - 55) + 13).
56
What is 0 + -4 - 51 - (-7 + -47 + 51)?
-52
Calculate (-58 - (-2 - 6 - (38 + -44) - -4)) + 1.
-59
Calculate 36890 + -36872 - ((-29 - -1) + -2).
48
0 - (99 + (23 - 3 - 52))
-67
What is -20 + (37 - -31) + -1 + -2?
45
Calculate 14 - (14 + (-15 + 4 - 53)) - 12.
52
-117 - 2 - (-13 + 16 + (-34 - (-40 + 20)))
-108
Calculate (28 - (30 - 10)) + (8 - 9) + 103.
110
-3 - ((0 - -2) + (164 - 170)) - 43
-42
What is the value of -178 + 99 - (-2 + (10 - 3) - (3 + -6))?
-87
Calculate ((11 - 32) + 41 - 22) + -4.
-6
Wha